hat is -68330a3 (base 11) in base 15?
-10b5653
Convert 23015a (base 11) to base 14.
9765d
-223d745 (base 14) to base 8
-76102541
Convert -307343 (base 8) to base 16.
-18ee3
What is -30110030132 (base 4) in base 2?
-1100010100001100011110
Convert -78918 (base 12) to base 5.
-20112132
What is -2334434 (base 6) in base 14?
-3242a
Convert -1122044422 (base 5) to base 3.
-11202202111021
2090031 (base 10) to base 16
1fe42f
-1323210100 (base 5) to base 13
-8c9cb5
Convert 234616515 (base 7) to base 5.
12212421020
Convert -11100011000100011 (base 2) to base 6.
-2254123
What is 111111110011001100 (base 2) in base 6?
5333500
What is -313003112 (base 4) in base 9?
-373278
Convert -a5b1c1 (base 13) to base 16.
-3b3524
1605300 (base 7) to base 15
45453
Convert -3345397 (base 12) to base 14.
-1430279
What is 9894b0 (base 13) in base 2?
1101101100101000111101
What is -10110011011101011100110 (base 2) in base 10?
-5880550
2020201200102 (base 3) to base 15
189288
Convert 340110251 (base 6) to base 4.
113201303113
-11043031 (base 5) to base 13
-34cac
Convert 52332 (base 11) to base 2.
10010100111101001
-26595 (base 15) to base 2
-11101111110001101
What is 36633250 (base 7) in base 12?
112556a
-5408387 (base 10) to base 8
-24503203
14983 (base 11) to base 4
11022121
What is -11123302332 (base 4) in base 2?
-101011011110010111110
-17786a2 (base 11) to base 12
-10136a3
a96a0 (base 12) to base 2
110110101010011000
-461926 (base 10) to base 9
-773571
Convert -110001011110000001100 (base 2) to base 6.
-54424352
What is 7c669 (base 16) in base 3?
221212222001
bd2e (base 15) to base 10
40094
Convert -38c0b (base 13) to base 11.
-72126
What is 10001101100001011100110 (base 2) in base 9?
8647302
14112456 (base 8) to base 2
1100001001010100101110
Convert 4d1879 (base 14) to base 10.
2655123
What is 211300111 (base 5) in base 9?
1587153
What is 631a691 (base 11) in base 12?
3893614
4347828 (base 10) to base 11
24aa651
What is 105052 (base 6) in base 5?
241023
What is 182915 (base 11) in base 4?
1010311122
-16336 (base 15) to base 14
-1c145
Convert 78248 (base 9) to base 5.
3130330
11006162 (base 7) to base 5
220141333
343554103 (base 6) to base 2
11000001101000001110111
Convert 1220222200021 (base 3) to base 6.
33533224
211002 (base 8) to base 11
4877a
13000022203 (base 4) to base 15
263d8d
Convert 131022 (base 11) to base 3.
101111000211
What is 1d07bd (base 14) in base 4?
3331212303
-e6c3 (base 16) to base 13
-20b73
What is -aa36 (base 12) in base 5?
-1100022
11211011000 (base 3) to base 14
26810
What is 420120 (base 5) in base 8?
32731
What is -75893 (base 14) in base 12?
-118661
What is 330220110 (base 5) in base 15?
1cdd70
4821531 (base 10) to base 7
55660641
What is 46941b (base 16) in base 7?
54213143
Convert 1043215100 (base 6) to base 14.
1718380
What is 12210002001 (base 3) in base 16?
1bc73
What is -101110011110001100010 (base 2) in base 14?
-2b8d46
110001111010101000 (base 2) to base 10
204456
What is -847534 (base 10) in base 15?
-11b1c4
What is -2221001002011 (base 3) in base 2?
-101111011110100100000
Convert -10b619 (base 14) to base 7.
-4560332
-9f9204 (base 16) to base 5
-10134120404
What is 3310454 (base 6) in base 16?
283a2
1112005 (base 6) to base 3
2212001012
Convert 2326550 (base 7) to base 13.
a33b8
Convert 346305 (base 8) to base 15.
24e3c
Convert 345401 (base 7) to base 16.
f1f1
What is -346731 (base 8) in base 7?
-1001463
Convert 1110101001001001 (base 2) to base 6.
1141401
20220011110222 (base 3) to base 6
210312212
Convert -4022302 (base 5) to base 13.
-23220
Convert 22022122011020 (base 3) to base 4.
100313131323
Convert -3322132320 (base 4) to base 11.
-640916
Convert 322330232 (base 4) to base 10.
241454
Convert 1101110011110010000 (base 2) to base 4.
1232132100
Convert -111301210 (base 6) to base 5.
-1004423310
-2e9169 (base 16) to base 10
-3051881
1011111100100110 (base 2) to base 3
2111010101
What is 95006b (base 15) in base 2?
11011000010010111110001
Convert 999cb0 (base 13) to base 5.
1411330010
What is 60bb7 (base 14) in base 8?
706555
Convert 598506 (base 10) to base 11.
379737
Convert -63a1a (base 13) to base 12.
-87b86
1012020200210 (base 3) to base 8
2327561
Convert d365b8 (base 14) to base 16.
6cb656
Convert 1001101110011000101000 (base 2) to base 6.
130350132
What is 299306 (base 13) in base 15?
1522eb
Convert -728572 (base 9) to base 15.
-88362
Convert 103004 (base 9) to base 4.
32330320
Convert -38853 (base 16) to base 3.
-102202120100
Convert a3 (base 14) to base 3.
12022
Convert -1b7dd (base 14) to base 6.
-1300503
Convert 20220212110021 (base 3) to base 10.
3678136
What is -122303330023 (base 4) in base 6?
-410351151
20100110002 (base 3) to base 4
132200321
-1011124010 (base 5) to base 13
-56ab74
Convert 98729 (base 10) to base 15.
1e3be
What is 16130228 (base 10) in base 5?
13112131403
-42f97 (base 16) to base 14
-71d8b
What is -1100201012020 (base 3) in base 14?
-14b48c
ee5c (base 15) to base 14
14583
Convert 441118 (base 9) to base 15.
53012
Convert 22110212200101 (base 3) to base 2.
10001001011110110011011
Convert -1118146 (base 10) to base 6.
-35544334
Convert 134273 (base 9) to base 10.
81876
What is 501510451 (base 6) in base 3?
120222002100111
What is -115441532 (base 7) in base 4?
-123223000100
Convert 1023012221 (base 4) to base 10.
307625
Convert -1302121320 (base 4) to base 5.
-104443400
Convert -441240033 (base 5) to base 13.
-516702
-4012433301 (base 5) to base 14
-10a8553
Convert 1101010010101011 (base 2) to base 9.
82612
What is 7541730 (base 10) in base 15?
9de8c0
What is -1630db (base 15) in base 11?
-67355a
Convert 1066601 (base 8) to base 3.
112202001022
730077 (base 8) to base 15
4b952
Convert 126653a (base 11) to base 10.
2190143
Convert 11211011020110 (base 3) to base 8.
11613530
Convert 11865b (base 13) to base 4.
1212023120
What is 443bd0 (base 15) in base 8?
14321073
Convert 212210012202020 (base 3) to base 5.
11214000202
34b01 (base 15) to base 16
28fab
Convert 20321412 (base 5) to base 10.
167107
What is 312400 (base 16) in base 14?
5db904
What is 100100011000001110 (base 2) in base 6?
3105502
Convert -413212300 (base 5) to base 7.
-20255550
11132423 (base 5) to base 7
561650
What is 50a9c (base 13) in base 3?
21100101110
13714522 (base 8) to base 2
1011111001100101010010
What is 110321 (base 10) in base 16?
1aef1
2301734 (base 8) to base 9
1150346
What is -35510323 (base 6) in base 8?
-4176453
57efd2 (base 16) to base 12
1b1b102
Convert -301634356 (base 7) to base 4.
-1002311233321
Convert 102376 (base 11) to base 13.
59948
What is -2451dd (base 15) in base 5?
-421113213
-1b90d0 (base 14) to base 12
-3b6226
Convert 5b594 (base 13) to base 2.
101001000000000010
What is 212122222210110 (base 3) in base 11?
7110558
Convert -510031 (base 7) to base 15.
-1a93d
What is -371ff (base 16) in base 6?
-4501155
Convert -437356 (base 10) to base 5.
-102443411
10210010112 (base 3) to base 9
123115
-1124400 (base 5) to base 6
-235212
What is -9421854 (base 10) in base 6?
-533535410
What is 22212121022110 (base 3) in base 11?
2731330
-1111011011000010010 (base 2) to base 14
-d2254
Convert 869405 (base 11) to base 5.
323414342
-14bb4d (base 14) to base 13
-1c4655
Convert 715205 (base 16) to base 10.
7426565
-12252413 (base 6) to base 9
-663020
What is -103241043 (base 6) in base 3?
-10110111210000
What is 53337430 (base 8) in base 9?
23374481
Convert 6a27a (base 12) to base 11.
97822
What is -a23aa6 (base 11) in base 15?
-227691
What is -2894a52 (base 12) in base 7?
-126224162
Convert 73514 (base 12) to base 14.
3d0ac
What is 1122022343 (base 5) in base 15?
350718
Convert 145721 (base 10) to base 9.
241802
Convert -302321102 (base 4) to base 8.
-627122
Convert b8452 (base 13) to base 16.
512ca
What is 689059 (base 11) in base 2?
100001011011100110101
-12429 (base 16) to base 13
-28074
12133202303 (base 4) to base 5
413431232
3301130 (base 4) to base 15
48a2
What is 3155203 (base 6) in base 12?
75b03
-8c3129 (base 14) to base 4
-102031003101
Convert 10026920 (base 10) to base 5.
10031330140
4407314 (base 10) to base 13
bb40a2
What is 9079a9 (base 11) in base 3?
2202011201111
Convert 71982 (base 11) to base 4.
121220211
What is 150b91 (base 12) in base 15?
6ee3a
Convert 10011110021202 (base 3) to base 9.
3143252